 -23)) - -3).
47
What is 7 + 92 - (-832 - -1059)?
-128
What is the value of 13 + ((3 - 2) + -67 - (-769 + 753))?
-37
Calculate -5 + (51 - 76) + -14.
-44
What is the value of (1 - 5) + (477 + -482 - (-2 + 52))?
-59
Evaluate 12 + -156 + 6 + 90.
-48
What is -80 + 75 + (-3 - (-6 + (7 - 0)))?
-9
Calculate -28 - ((37 - 44) + -26).
5
What is the value of -7 + (9 - (-8 - -3)) - (-66 - (18 - 4))?
87
What is (-3 - 0) + (22 - 30 - -1) + (7 - 75)?
-78
What is the value of 14 - (13 - (0 - -19 - 78))?
-58
What is the value of -61 - (-5 + (2 - ((28 - 16) + -19)))?
-65
820 + -885 + 16 + 0
-49
Evaluate (166 - 53) + (-21 - 9 - -13).
96
What is (2 + -7 - 1 - (-909 - -905)) + -6?
-8
Calculate (147 - 125) + (0 - 20) - 83.
-81
Evaluate 22 + 34 + -52 - -20 - -57.
81
-26 + ((23 - 19) + 18 - -65)
61
Evaluate -59 + -27 - (-4 - -19 - (35 - 34)).
-100
Calculate 6 - (-5 + (1 + 0 - (18 - -12)) - -8).
32
Evaluate (107 + -194 - -76) + (89 - 0).
78
Calculate -12 - (-23 - 4 - -16 - -8).
-9
Evaluate -112 + 1 - (-1 + -9 + 51 + -51 + 0).
-101
Calculate (10 - 15 - (-12 - -3)) + (12 - -3) + -10.
9
103 + -129 + -21 + -12
-59
-85 + 159 + (-98 - -73)
49
What is the value of 93 + 2 + -58 + -63?
-26
What is 93 + -48 + -37 - (-1 + 64 + 2)?
-57
What is the value of (7 + (-9 - 7) - -10) + (-13 - -3) - -2?
-7
11 + (1 + 12 - (42 + -81 - -12))
51
-56 + -54 - -61 - -71
22
What is the value of 68 + (25 - -74 - 74)?
93
104 - ((-28 - (35 - 36)) + 9 + 0 + 6)
116
What is the value of 12 + (-4 + -79 - (-70 + 46 - (-26 - 3)))?
-76
What is -1 - ((-5 - 17 - -13) + 3)?
5
What is 1 + 23 - (30 - (17 + 21))?
32
What is (132 - 8) + -104 + (-3 - -12)?
29
9 + -28 + 1 + -3 + 0 + -57
-78
Calculate 25 + 39 + -45 + 2.
21
What is the value of (2 - (10 - 1) - -5) + -28 + -13?
-43
Evaluate -1960 + 1972 + (-3 - -1).
10
What is the value of 1 + (-21 - -30 - -14)?
24
20 - (37 - (19 + 26)) - 3
25
Calculate (-97 - -119) + (3 + -40 - -6).
-9
Evaluate (-1 - (2 + -3)) + -6 + -27 + 11.
-22
17 + 17 + -39 + 101 + 8
104
What is -9 + (-28 - ((-45 - 3) + -1))?
12
What is 22 + 3 + -119 - (-5 - (-1 + -8))?
-98
Evaluate (112 - (-9 - (-6 + -2))) + (-21 - 4) + 15.
103
Calculate -3 - 93 - -3 - (-7 - (28 - (-27 + 67))).
-98
Evaluate -37 - (10 + -40 + 5 - 32).
20
Evaluate 2 + 14 + ((2 - 13) + -1 - -10).
14
Evaluate (5 + -33 - 1) + 26 + (1 - 15).
-17
Evaluate -8 + (-15 - (4 + -2) - (-6 + (2 - -1))).
-22
What is the value of (-11 - -6 - -1) + (-19 - -103) - -12?
92
What is the value of (-377 - -398 - (1 + 5)) + -22 + 3?
-4
What is the value of -35 + -1 + ((-4 - -16) + (-10 - -10) - 23)?
-47
Evaluate (25 - (22 + -12 + 4)) + -64 + 24.
-29
Evaluate (102 - 86) + 25 + -87.
-46
Calculate -11 + (-1 + -18 - (-637 - -608)) + (0 - 20).
-21
Calculate 36 - 33 - ((37 + 7 - (10 + -2)) + -2).
-31
What is the value of -157 + (19 - (-2 - (25 + -19 - 5)))?
-135
Evaluate 18 - (1 + 8 + (8 - (24 - 28 - -22))).
19
Evaluate 6 - (43 + (-4 - -22 - (19 + -6))).
-42
Evaluate (-232 - -275) + (-80 - 9).
-46
Evaluate 36 + 2 + (1057 - 1038 - (-6 + 2 - -18)).
43
-24 + 18 + -27 + (-77 - -46)
-64
Evaluate -125 + (8 + -34 + 37 - (-2 + 3 - 3)).
-112
Evaluate 67 - (6 - -5 - 0 - (-41 + 44)).
59
-2 + -36 + (-54 - (-4 + -57))
-31
Evaluate -490 + 477 + (-41 - 0) + 23.
-31
(0 + 1 - -3) + -84 - -6 - (41 + -28)
-87
-40 - (71 + -107 + 61)
-65
What is the value of 27 + (16 - 22) + -24?
-3
(10 - ((6 - (88 + -5)) + 3)) + 3 + -3
84
What is (-51 - -42) + (8 - 3) + (-10 + 18 - 32)?
-28
1643 - 1653 - (-11 + 2)
-1
What is 18 - (6 + (-1 - 13 - -17)) - (33 + -2)?
-22
What is 1042 - 1032 - (93 - -5)?
-88
What is the value of 13 + (-12 - (-10 - -7)) + 11 + -14?
1
Calculate -15 + (1 + 39 - 70).
-45
Evaluate 15 + -25 + 11 + 21 + -25 + (-105 - 2).
-110
Evaluate 3 - -14 - (19 + (-10 - 28 - -17)).
19
Calculate -15 + (-18 - -60) - 28.
-1
Calculate (-5 - (4 + -12)) + 98 - (858 - 881).
124
What is -35 - (19 - (63 + 29))?
38
Calculate 976 - 988 - (-3 + -8 - 5).
4
What is 26 + (44 - 55 - 31)?
-16
Evaluate 4 + 3 + (14 - 22) + -39 + -7.
-47
(-308 - -316) + 2 + 2
12
Evaluate -1 + 41 - (-225 + 92 + 261).
-88
Evaluate 28030 - 28124 - (-27 + -1).
-66
What is the value of 58 - (1 - 6 - (310 + -325))?
48
What is the value of 0 + -5 - 0 - (-42 + -70 + 182)?
-75
Evaluate 6 - 1 - ((21 - (-3 + 7) - 27) + 18).
-3
What is the value of -41 + (-43 - -105) + -1?
20
Calculate -73 + (-20 - (-95 + 93)).
-91
Evaluate -1 + (-1 - (7 + -14) - 52) + 13.
-34
What is the value of -75 - -84 - ((149 - 278) + (0 - -13))?
125
Evaluate -9840 + 9905 + (-1 - 85).
-21
What is 2 - (-46 - -26) - 43?
-21
Calculate (14 - 0) + -39 + 52 + 0 + -10 + 1.
18
(67 - 43) + -38 - 61
-75
Calculate (4718 - 4791) + (33 - -1).
-39
Calculate 0 + -8 - ((2 - 1) + 103 + -96).
-16
What is 58 + 12 + 1063 + -1095?
38
What is -36 + (-3 - 7) + (102 - 84) + 13?
-15
What is the value of 79 - (105 + 47) - 9?
-82
Evaluate -67 - (57 + -107 + -57).
40
What is the value of -16 - -17 - (29 + -1 + 3 - 6)?
-24
What is the value of 56 + 0 + -1 - (14 - (-23 + 64 + -28))?
54
Calculate (41 - 31 - (-3 - -1)) + 6 + -14.
4
Evaluate (9 + -40 - (-37 + -25)) + 68.
99
Evaluate (0 - (11 - 6)) + -3 - (-13 + (-6 - -49)).
-38
Calculate (2 - 20 - -7 - -7) + -17 + 80.
59
Evaluate (-10 - -12 - (-25 - -9) - 7) + 25.
36
What is the value of -2 + (32 - 33) + 21?
18
Evaluate (2 + 26 - (-24 + 14)) + (2 - -7).
47
What is -763 + 751 - (-6 - -74)?
-80
Calculate -2 + -73 + -21 + (-30 - -1 - (-433 - -389)).
-81
16 - ((-34 - (30 + -26)) + (19 - 0))
35
Evaluate -47 + 36 + 41 + -39.
-9
What is 11 - (0 - 8 - (-425 - -434))?
28
(-25 + (21 - 16) - -38) + 18
36
What is (-19 - -2) + 2 + 19 - (0 + (14 - 3))?
-7
(-62 - (187 + -273)) + (2 - (1 + 4))
21
41 + -51 + 98 + -105
-17
Calculate (220 - (243 - 15)) + -8 + 1 + 0.
-15
Calculate -14 + -22 + 8 + -25 + 25.
-28
Calculate -1 + 31 + -5 + 9 + (30 - 9) + -12.
43
Calculate -1603 + 1605 - ((-1 - 3) + 3 + -67).
70
-114 - -115 - (-1 + 4) - (1 - 22)
19
Calculate (-154 - (134 - 161)) + (3 - -4).
-120
((5 - 6) + -6 - -22) + -66 + 65
14
What is the value of 1 - -43 - (-354 - -359)?
39
What is the value of 1 + -22 - (-823 - -844)?
-42
92 - 2 - (4 + (21 - 24)) - (4 - 12)
97
What is 4 + (-7 - ((9 - 14) + -43)) + 6 + 5?
56
What is the value of (36 - 40) + 1 + -7 - (-24 + 11)?
3
Evaluate -32 + 16 + 1 + 15 + 1 + -34.
-33
-133 - -65 - (12 + -7 - (1 - -1) - 10)
-61
Calculate (-5 - (-2 + 4) - -9 - 11 - -7) + -12.
-14
(8 - 5) + 3 + (-81 - (-8 - (1 + 3)))
-63
What is (-27 + (-11 - -41) - (-6 - 1)) + (11 - -1)?
22
Calculate (17 - (6 + 48 + -21)) + 2 + 3.
-11
What is the value of -38 - -58 - 8 - ((-14 - -12) + -97)?
111
(13 + (-4 - -9) - 5) + (24 - -1)
38
What is the value of -17 + 16 - 1 - 4 - (7 - 5 - 2)?
-6
What is the value of -96 - (-256 + -28 - -76)?
112
Calculate -14 - (-6 + -4 + -37 + 6 + 24).
3
Evaluate 2 + -18 + 26 + 29 + -25.
14
What is -11 + -14 + (-1 - -23) + 763 + -770?
-10
Calculate 53 + (-9 - (4 + -15 + (-22 - -17))).
60
What is the value of 118 + -184 + 76 + (0 - -3) + -8?
5
What is -46 - (4 - 6 - 55)?
11
What is (-36 - 1) + -435 + 472 - 48?
-48
(5 - (-3 + -3)) + (-55 - -58) + 0
14
Calculate 9 + 1 + (-192 - -145).
-37
Calculate -59 + (-11 - (-215 - -122)).
23
-147 + -71 + 253 + -104
-69
Calculate -3 - -2 - (-14 + 1 - (-506 - -501)).
7
What is the value of 78 - -2 - (7 + (-6 - -7) - 8)?
80
Calculate -3 + -10 + -96 - (5 - -3 - (-12 - -24)).
-105
What is -5 + (41 - -6) - -2 - (-5 + 10) - 7?
32
Calculate -33 - ((13 - -25) + 0 - 41).
-30
7 + (9 - 6) + 19 + -12 + -6 - 50
-39
What is (20 - (28 - 27)) + -16 + (0 - 12) - 23?
-32
Calculate -93 - (-182 - (-144 - -56)).
1
What is the value of -35 + 43 + -40 + -29?
-61
What is -126 + (-2 - (-4 - -4)) - (3831 - 3826)?
-133
What is the value of (8 - (5 + 25 - 30)) + -5?
3
3 + -2 - (-86 + 73) - 80 - -14
-52
What is -2 + 28 + (-20 - (-23 - (31 + -49)))?
11
9 + -4 + -9 + 5 + 19 + -14 + -109
-103
Evaluate -3 + 41 + (-26 - (-142 - -172)).
-18
What is -166 + 79 + -73 + 69?
-91
What is the value of -25 - -5 - ((-74 - -6) + -39)?
87
What is the value of -16 + 20 + 46 - (36 + -36)?
50
Evaluate -52 + 197 + -126 + 61.
80
What is the value of -71 + 79 - (-5 + 12 - (1 - 8))?
-6
Calculate -124 + 191 + (-6 - 22).
39
What is the value of -35 - (21 + -137 + 68)?
13
Evaluate (-51 - (-28 + 26)) + 21.
-28
Calculate (3 + 5 - 4 - (86 - 97)) + -3.
12
Wh